d thousands digit of 4631904?
6
What is the millions digit of 158255005?
8
What is the hundred millions digit of 113826793?
1
What is the units digit of 29295418?
8
What is the hundred millions digit of 2560077227?
5
What is the thousands digit of 118440057?
0
What is the millions digit of 1136807431?
6
What is the ten millions digit of 568292826?
6
What is the tens digit of 2317633378?
7
What is the thousands digit of 1567176352?
6
What is the tens digit of 1526791970?
7
What is the units digit of 27254725?
5
What is the ten millions digit of 424654084?
2
What is the billions digit of 1713556789?
1
What is the hundred thousands digit of 4142076060?
0
What is the ten thousands digit of 488297022?
9
What is the ten thousands digit of 21014654?
1
What is the millions digit of 371364863?
1
What is the hundred thousands digit of 127715888?
7
What is the thousands digit of 1872093622?
3
What is the hundred thousands digit of 336157036?
1
What is the units digit of 4576143009?
9
What is the thousands digit of 144846728?
6
What is the thousands digit of 425277034?
7
What is the hundreds digit of 361990497?
4
What is the thousands digit of 35877218?
7
What is the ten millions digit of 87926258?
8
What is the thousands digit of 66121294?
1
What is the ten thousands digit of 23416895?
1
What is the hundred millions digit of 126974790?
1
What is the units digit of 467426492?
2
What is the ten millions digit of 1874449133?
7
What is the tens digit of 19475565?
6
What is the units digit of 163495195?
5
What is the units digit of 1870825517?
7
What is the hundreds digit of 213843462?
4
What is the thousands digit of 59256742?
6
What is the hundred thousands digit of 561507918?
5
What is the ten millions digit of 796735045?
9
What is the hundreds digit of 1394346762?
7
What is the millions digit of 3221427280?
1
What is the ten thousands digit of 5651445931?
4
What is the hundred thousands digit of 871071865?
0
What is the units digit of 7086704?
4
What is the units digit of 862847328?
8
What is the ten thousands digit of 225459919?
5
What is the hundred millions digit of 2353122138?
3
What is the hundred millions digit of 1384959070?
3
What is the tens digit of 281810171?
7
What is the thousands digit of 7997074?
7
What is the tens digit of 1547270688?
8
What is the hundreds digit of 13830789?
7
What is the thousands digit of 105489759?
9
What is the millions digit of 7909506?
7
What is the millions digit of 41316072?
1
What is the hundreds digit of 70888414?
4
What is the hundred millions digit of 1791397151?
7
What is the hundred thousands digit of 5302630100?
6
What is the hundred millions digit of 187871820?
1
What is the hundred millions digit of 2716831234?
7
What is the ten millions digit of 20893783?
2
What is the ten thousands digit of 58437293?
3
What is the tens digit of 160244198?
9
What is the ten millions digit of 26841179?
2
What is the thousands digit of 68996872?
6
What is the tens digit of 447097307?
0
What is the hundred thousands digit of 4325414?
3
What is the hundreds digit of 2566234662?
6
What is the thousands digit of 27817257?
7
What is the units digit of 82741214?
4
What is the tens digit of 924554842?
4
What is the thousands digit of 52378260?
8
What is the ten thousands digit of 74279610?
7
What is the ten millions digit of 975044212?
7
What is the hundred thousands digit of 5151413708?
4
What is the ten thousands digit of 515615670?
1
What is the tens digit of 88642939?
3
What is the hundred thousands digit of 294942384?
9
What is the millions digit of 6024312170?
4
What is the hundreds digit of 41555600?
6
What is the hundred thousands digit of 703911292?
9
What is the hundreds digit of 42877856?
8
What is the tens digit of 286463639?
3
What is the units digit of 31775368?
8
What is the hundreds digit of 64935931?
9
What is the tens digit of 4776308687?
8
What is the thousands digit of 1862432463?
2
What is the thousands digit of 445549538?
9
What is the hundred thousands digit of 23960691?
9
What is the hundred thousands digit of 65294964?
2
What is the hundreds digit of 963289823?
8
What is the units digit of 64094134?
4
What is the hundred thousands digit of 31138959?
1
What is the thousands digit of 356027773?
7
What is the tens digit of 1169442343?
4
What is the tens digit of 414836163?
6
What is the millions digit of 205425744?
5
What is the millions digit of 436379870?
6
What is the hundred millions digit of 1313493337?
3
What is the hundreds digit of 137737221?
2
What is the units digit of 580941763?
3
What is the hundred millions digit of 3073536075?
0
What is the hundreds digit of 49034587?
5
What is the tens digit of 41157080?
8
What is the units digit of 234678150?
0
What is the hundreds digit of 8182104?
1
What is the millions digit of 62363777?
2
What is the hundred millions digit of 1932360869?
9
What is the units digit of 70757443?
3
What is the tens digit of 19009514?
1
What is the hundreds digit of 4487742321?
3
What is the billions digit of 1597983207?
1
What is the billions digit of 3035431052?
3
What is the billions digit of 1563589297?
1
What is the ten millions digit of 34649305?
3
What is the ten thousands digit of 124740591?
4
What is the tens digit of 2974775063?
6
What is the hundreds digit of 2175888943?
9
What is the thousands digit of 2985061457?
1
What is the units digit of 306071533?
3
What is the units digit of 291608389?
9
What is the ten thousands digit of 392629824?
2
What is the ten millions digit of 690237509?
9
What is the hundreds digit of 166945360?
3
What is the ten thousands digit of 131444467?
4
What is the ten thousands digit of 1251631715?
3
What is the tens digit of 240474231?
3
What is the ten millions digit of 2093210391?
9
What is the units digit of 4219985193?
3
What is the tens digit of 70155046?
4
What is the hundred millions digit of 240251442?
2
What is the hundred thousands digit of 60663635?
6
What is the tens digit of 7691103?
0
What is the hundreds digit of 288085132?
1
What is the units digit of 5920678884?
4
What is the millions digit of 838501923?
8
What is the units digit of 79752529?
9
What is the millions digit of 99530897?
9
What is the ten thousands digit of 421870266?
7
What is the ten thousands digit of 665129077?
2
What is the tens digit of 3376533243?
4
What is the hundred thousands digit of 141261476?
2
What is the ten millions digit of 3057368639?
5
What is the ten thousands digit of 539326379?
2
What is the ten thousands digit of 1902954949?
5
What is the thousands digit of 185506698?
6
What is the hundred thousands digit of 615714059?
7
What is the hundreds digit of 2308806190?
1
What is the units digit of 1510123829?
9
What is the ten thousands digit of 31799735?
9
What is the hundreds digit of 12664166?
1
What is the units digit of 11647589?
9
What is the thousands digit of 147434183?
4
What is the ten thousands digit of 20592995?
9
What is the millions digit of 83202457?
3
What is the hundred millions digit of 122096789?
1
What is the hundreds digit of 16483057?
0
What is the tens digit of 784716996?
9
What is the hundred thousands digit of 18646691?
6
What is the ten millions digit of 24952011?
2
What is the hundred thousands digit of 2095102280?
1
What is the ten millions digit of 12242340?
1
What is the ten thousands digit of 1004098426?
9
What is the hundred thousands digit of 277640533?
6
What is the ten thousands digit of 2682381908?
8
What is the units digit of 485942789?
9
What is the ten thousands digit of 2056725634?
2
What is the millions digit of 415058489?
5
What is the ten millions digit of 85899414?
8
What is the ten thousands digit of 345146156?
4
What is the ten thousands digit of 39837476?
3
What is the millions digit of 89768969?
9
What is the ten thousands digit of 1410058343?
5
What is the tens digit of 44037998?
9
What is the tens digit of 37583728?
2
What is the hundred thousands digit of 2905429469?
4
What is the ten thousands digit of 285216879?
1
What is the hundreds digit of 182335107?
1
What is the tens digit of 85432118?
1
What is the units digit of 2863009?
9
What is the millions digit of 71075296?
1
What is the millions digit of 47067242?
7
What is the millions digit of 55125566?
5
What is the thousands digit of 15